727
Calculate the remainder when 1075038 is divided by 12.
6
Calculate the remainder when 1175257 is divided by 249.
226
Calculate the remainder when 5776546 is divided by 361033.
18
What is the remainder when 142890809 is divided by 77?
61
What is the remainder when 9769192 is divided by 2839?
193
Calculate the remainder when 8272382 is divided by 636.
566
What is the remainder when 127853 is divided by 25529?
208
Calculate the remainder when 258689 is divided by 19389.
6632
What is the remainder when 608187 is divided by 1872?
1659
What is the remainder when 2415977 is divided by 402620?
257
What is the remainder when 1847025 is divided by 20753?
8
What is the remainder when 499056 is divided by 620?
576
Calculate the remainder when 299219 is divided by 162.
5
Calculate the remainder when 15866207 is divided by 10023.
9821
What is the remainder when 4248987 is divided by 388?
387
What is the remainder when 2692362 is divided by 126?
120
Calculate the remainder when 23303671 is divided by 13604.
19
Calculate the remainder when 1595788 is divided by 2250.
538
What is the remainder when 1512757 is divided by 1694?
15
Calculate the remainder when 6293495 is divided by 1023.
1022
What is the remainder when 2313134 is divided by 771041?
11
Calculate the remainder when 2490897 is divided by 1380.
1377
Calculate the remainder when 805841 is divided by 134305.
11
Calculate the remainder when 58440857 is divided by 38.
11
What is the remainder when 4621964 is divided by 26?
22
Calculate the remainder when 421324 is divided by 128.
76
Calculate the remainder when 31607801 is divided by 5.
1
What is the remainder when 162325 is divided by 2107?
86
What is the remainder when 807726 is divided by 2223?
777
What is the remainder when 9402099 is divided by 22?
3
Calculate the remainder when 113339096 is divided by 56669547.
2
What is the remainder when 1354444 is divided by 84652?
12
Calculate the remainder when 1797774 is divided by 24.
6
Calculate the remainder when 5549415 is divided by 2774647.
121
What is the remainder when 14747306 is divided by 589890?
56
Calculate the remainder when 1445064 is divided by 32.
8
What is the remainder when 1613419 is divided by 1142?
915
Calculate the remainder when 8320786 is divided by 1664152.
26
What is the remainder when 5027858 is divided by 307?
119
Calculate the remainder when 793020 is divided by 158478.
630
Calculate the remainder when 3893 is divided by 814.
637
What is the remainder when 9923648 is divided by 69?
68
What is the remainder when 3117834 is divided by 739?
732
What is the remainder when 25447965 is divided by 336?
333
Calculate the remainder when 423645 is divided by 1250.
1145
Calculate the remainder when 139888 is divided by 34.
12
Calculate the remainder when 7161127 is divided by 179.
53
Calculate the remainder when 749840 is divided by 1179.
1175
Calculate the remainder when 1438107 is divided by 2605.
147
What is the remainder when 131702 is divided by 16459?
30
What is the remainder when 2143909 is divided by 267973?
125
Calculate the remainder when 264150 is divided by 2423.
43
What is the remainder when 695314 is divided by 72?
10
Calculate the remainder when 2591553 is divided by 129576.
33
What is the remainder when 862129 is divided by 11?
4
Calculate the remainder when 180812 is divided by 367.
248
What is the remainder when 2539776 is divided by 225?
201
What is the remainder when 597973 is divided by 98?
75
Calculate the remainder when 337490 is divided by 110178.
6956
Calculate the remainder when 444211 is divided by 13055.
341
Calculate the remainder when 1334979 is divided by 266905.
454
What is the remainder when 3013686 is divided by 1156?
1150
What is the remainder when 20191 is divided by 217?
10
Calculate the remainder when 766415 is divided by 16.
15
Calculate the remainder when 2987135 is divided by 374.
371
What is the remainder when 2417858 is divided by 1208886?
86
Calculate the remainder when 2173883 is divided by 271709.
211
What is the remainder when 138719 is divided by 46001?
716
Calculate the remainder when 81122 is divided by 18770.
6042
What is the remainder when 38136391 is divided by 1334?
1333
What is the remainder when 38032698 is divided by 19?
18
Calculate the remainder when 586177 is divided by 2393.
2285
What is the remainder when 877977 is divided by 9?
0
What is the remainder when 22578064 is divided by 63?
61
Calculate the remainder when 889391 is divided by 208.
191
Calculate the remainder when 9500246 is divided by 257.
241
Calculate the remainder when 244195 is divided by 932.
11
Calculate the remainder when 230559 is divided by 11.
10
What is the remainder when 658529 is divided by 1372?
1341
What is the remainder when 922160 is divided by 7097?
6647
Calculate the remainder when 4116217 is divided by 1385.
1382
What is the remainder when 28791 is divided by 7007?
763
What is the remainder when 500300 is divided by 11598?
1586
Calculate the remainder when 71397940 is divided by 511.
509
What is the remainder when 5195002 is divided by 194?
70
Calculate the remainder when 18823353 is divided by 16.
9
Calculate the remainder when 2351 is divided by 573.
59
What is the remainder when 13175571 is divided by 226?
223
Calculate the remainder when 580250 is divided by 48350.
50
What is the remainder when 439132 is divided by 407?
386
What is the remainder when 1941808 is divided by 9115?
313
Calculate the remainder when 163234 is divided by 1489.
933
Calculate the remainder when 3436491 is divided by 427.
422
Calculate the remainder when 8165304 is divided by 1700.
204
Calculate the remainder when 7678596 is divided by 2933.
2
Calculate the remainder when 409232 is divided by 542.
22
Calculate the remainder when 100518373 is divided by 496.
5
What is the remainder when 3906279 is divided by 1347?
1326
What is the remainder when 441659 is divided by 68?
67
Calculate the remainder when 1793936 is divided by 597917.
185
What is the remainder when 543979 is divided by 12088?
19
What is the remainder when 99715 is divided by 700?
315
Calculate the remainder when 3442 is divided by 332.
122
What is the remainder when 162180624 is divided by 5125?
5124
What is the remainder when 305774 is divided by 7550?
3774
Calculate the remainder when 14500095 is divided by 162.
123
What is the remainder when 514179 is divided by 7908?
159
Calculate the remainder when 7399326 is divided by 2466415.
81
Calculate the remainder when 66313586 is divided by 2558.
2552
Calculate the remainder when 24198 is divided by 2416.
38
What is the remainder when 33957468 is divided by 95?
3
What is the remainder when 3067036 is divided by 127790?
76
Calculate the remainder when 2064773 is divided by 2461.
2455
What is the remainder when 12908942 is divided by 56?
46
Calculate the remainder when 3151787 is divided by 165868.
295
What is the remainder when 181451 is divided by 181112?
339
Calculate the remainder when 3378682 is divided by 675552.
922
What is the remainder when 67536591 is divided by 738?
735
What is the remainder when 51175023 is divided by 780?
3
What is the remainder when 20834 is divided by 1493?
1425
What is the remainder when 37258689 is divided by 12419554?
27
Calculate the remainder when 485606 is divided by 18676.
30
What is the remainder when 222900999 is divided by 55725244?
23
What is the remainder when 490947 is divided by 1091?
1088
Calculate the remainder when 875841 is divided by 593.
573
Calculate the remainder when 202271 is divided by 18373.
168
Calculate the remainder when 47888947 is divided by 23944452.
43
Calculate the remainder when 63381 is divided by 589.
358
Calculate the remainder when 434912513 is divided by 30.
23
What is the remainder when 5828381 is divided by 27?
26
Calculate the remainder when 1623709 is divided by 130.
9
What is the remainder when 1749550 is divided by 508?
506
What is the remainder when 188018 is divided by 96?
50
Calculate the remainder when 73207 is divided by 338.
199
Calculate the remainder when 2975348 is divided by 212523.
26
Calculate the remainder when 3069333 is divided by 1534650.
33
Calculate the remainder when 12648757 is divided by 147.
142
Calculate the remainder when 613207 is divided by 5292.
4627
Cal